{"id":101,"date":"2010-11-01T16:43:29","date_gmt":"2010-11-01T16:43:29","guid":{"rendered":"http:\/\/www.camembert.eu\/?page_id=101"},"modified":"2019-02-18T14:51:07","modified_gmt":"2019-02-18T14:51:07","slug":"adresses-utiles","status":"publish","type":"page","link":"https:\/\/www.camembert.eu\/?page_id=101","title":{"rendered":"Annuaire"},"content":{"rendered":"<p>&nbsp;<\/p>\n<h3 style=\"text-align: center;\"><em><span style=\"color: #000080;\">&#8211; ANNUAIRE T\u00c9L\u00c9PHONIQUE &#8211;<\/span><\/em><\/h3>\n<p><strong>APPEL D&rsquo;URGENCE\u00a0<\/strong><b>EUROP\u00c9EN<\/b><br \/>\nT\u00e9l\u00e9phone: 112<\/p>\n<p><strong>SAMU<\/strong><br \/>\nT\u00e9l\u00e9phone: 15<\/p>\n<p><strong>POLICE<\/strong><br \/>\nT\u00e9l\u00e9phone: 17<\/p>\n<p><strong>POMPIER<\/strong><br \/>\nT\u00e9l\u00e9phone: 18<\/p>\n<p><strong>EDF-GDF<\/strong><br \/>\nT\u00e9l\u00e9phone: 0820 820 820<br \/>\nNum\u00e9ro national EDF pour tous renseignements<\/p>\n<p><strong>FRANCE TELECOM<\/strong><br \/>\nT\u00e9l\u00e9phone: 0800 704 704<br \/>\nNum\u00e9ro de d\u00e9pannage national<\/p>\n<p><strong>LA CROIX ROUGE<\/strong><br \/>\nT\u00e9l\u00e9phone: 0 800 858 858<br \/>\nNum\u00e9ro Croix Rouge Ecoute<\/p>\n<p>&nbsp;<\/p>\n<h3 style=\"text-align: center;\"><em><span style=\"color: #000080;\">&#8211; LIENS UTILES &#8211;<\/span><\/em><\/h3>\n<p><a href=\"http:\/\/www.cr-basse-normandie.fr\/\"><strong>CONSEIL REGIONAL DE BASSE NORMANDIE<\/strong><\/a><br \/>\nL&rsquo;actualit\u00e9 et les services de la r\u00e9gion.<\/p>\n<p><a href=\"http:\/\/www.orne.pref.gouv.fr\/\"><strong>PREFECTURE DE L&rsquo;ORNE<\/strong><\/a><br \/>\nPermis de conduire, carte grise, passeport etc.<\/p>\n<p><a href=\"http:\/\/www.meteo.fr\/\"><strong>METEO FRANCE<\/strong><\/a><br \/>\nLes pr\u00e9visions m\u00e9t\u00e9orologiques.<\/p>\n<p><a href=\"http:\/\/www.impots.gouv.fr\/\"><strong>LA DIRECTION GENERALE DES IMPOTS<\/strong><\/a><br \/>\nCalcul du montant de son imposition, d\u00e9claration en ligne, demande de mensualisation.<\/p>\n<p><a href=\"http:\/\/www.anpe.fr\/\"><strong>P\u00d4LE EMPLOI<\/strong><\/a><br \/>\nConsultation ou abonnement aux offres d&#8217;emploi et candidatures aux annonces de l&rsquo;APEC.<\/p>\n<p><a href=\"http:\/\/www.orne.caf.fr\/\"><strong>CAISSE D&rsquo;ALLOCATIONS FAMILIALES DE L&rsquo;ORNE<\/strong><\/a><br \/>\nSuivi des dossier d&rsquo;allocations familiales, paiements, remboursements, attestations.<br \/>\nCalcul de l&rsquo;aide au logement.<\/p>\n<p><a href=\"http:\/\/www.ameli.fr\/\"><strong>SECURITE SOCIALE<\/strong><\/a><br \/>\nConsultation des remboursements de la s\u00e9curit\u00e9 sociale.<\/p>\n<p><a href=\"http:\/\/www.cnous.fr\/\"><strong>ETUDIANT<\/strong><\/a><br \/>\nDemande de bourse ou de logement \u00e9tudiant.<\/p>\n<p><a href=\"http:\/\/www.service-public.fr\/\"><strong>SERVICE PUBLIC<\/strong><\/a><br \/>\nVos droits et d\u00e9marches &#8211; formulaires &#8211; adresses utiles.<\/p>\n<p><a href=\"https:\/\/casier-judiciaire.justice.gouv.fr\/pages\/accueil.xhtml\" target=\"_blank\" rel=\"noopener\"><strong>CASIER JUDICIAIRE<\/strong><\/a><br \/>\nDemande d&rsquo;extrait de casier judiciaire &#8211; bulletin n\u00b03.<br \/>\nLes envois de bulletins n\u00b03 sont effectu\u00e9s par lettre recommand\u00e9e avec accus\u00e9 de r\u00e9ception lorsque le bulletin porte mention d&rsquo;une condamnation.<\/p>\n","protected":false},"excerpt":{"rendered":"<p>&nbsp; &#8211; ANNUAIRE T\u00c9L\u00c9PHONIQUE &#8211; APPEL D&rsquo;URGENCE\u00a0EUROP\u00c9EN T\u00e9l\u00e9phone: 112 SAMU T\u00e9l\u00e9phone: 15 POLICE T\u00e9l\u00e9phone: 17 POMPIER T\u00e9l\u00e9phone: 18 EDF-GDF T\u00e9l\u00e9phone: 0820 820 820 Num\u00e9ro national EDF pour tous renseignements FRANCE [&hellip;]<\/p>\n","protected":false},"author":4,"featured_media":1114,"parent":0,"menu_order":0,"comment_status":"closed","ping_status":"closed","template":"","meta":{"footnotes":""},"class_list":["post-101","page","type-page","status-publish","has-post-thumbnail","hentry"],"_links":{"self":[{"href":"https:\/\/www.camembert.eu\/index.php?rest_route=\/wp\/v2\/pages\/101","targetHints":{"allow":["GET"]}}],"collection":[{"href":"https:\/\/www.camembert.eu\/index.php?rest_route=\/wp\/v2\/pages"}],"about":[{"href":"https:\/\/www.camembert.eu\/index.php?rest_route=\/wp\/v2\/types\/page"}],"author":[{"embeddable":true,"href":"https:\/\/www.camembert.eu\/index.php?rest_route=\/wp\/v2\/users\/4"}],"replies":[{"embeddable":true,"href":"https:\/\/www.camembert.eu\/index.php?rest_route=%2Fwp%2Fv2%2Fcomments&post=101"}],"version-history":[{"count":19,"href":"https:\/\/www.camembert.eu\/index.php?rest_route=\/wp\/v2\/pages\/101\/revisions"}],"predecessor-version":[{"id":1334,"href":"https:\/\/www.camembert.eu\/index.php?rest_route=\/wp\/v2\/pages\/101\/revisions\/1334"}],"wp:featuredmedia":[{"embeddable":true,"href":"https:\/\/www.camembert.eu\/index.php?rest_route=\/wp\/v2\/media\/1114"}],"wp:attachment":[{"href":"https:\/\/www.camembert.eu\/index.php?rest_route=%2Fwp%2Fv2%2Fmedia&parent=101"}],"curies":[{"name":"wp","href":"https:\/\/api.w.org\/{rel}","templated":true}]}}